-18894)/(-987).
2, 11, 31, 59
Suppose 4*s = 3*d - 1107, -3*s = 2*d - 4*d + 738. Let k = d + -230. What are the prime factors of k?
139
Let n = -10917 + 25717. List the prime factors of n.
2, 5, 37
Suppose -7 = 3*q - 4*w, 2*q - 4*w + 4 = -w. Let y(o) = 12*o**2 - 6*o - 10. What are the prime factors of y(q)?
2, 5
Let n = 18360 - 3346. List the prime factors of n.
2, 7507
Suppose -9*k - 872 = 2071. Let u = k - -510. What are the prime factors of u?
3, 61
Suppose 47 = -4*j + 3*k - 51, j - 4*k = -18. Let l = 857 - j. List the prime factors of l.
883
Let y be 1850/125*(1 + 3/2). Suppose -y*j = -33*j - 604. List the prime factors of j.
151
Let u(o) = -o**3 + 9*o**2 + 4*o - 6. Let r be u(9). Suppose -63 + 7 = -2*a. List the prime factors of a/1*r/35.
2, 3
Suppose 27*k = 131994 - 14625. List the prime factors of k.
3, 7, 23
Let p = 7354 - -9525. What are the prime factors of p?
16879
List the prime factors of 15769 + 23 + (-54)/18.
3, 19, 277
Suppose -3*i + 151 = 139. Suppose -i = 2*y - l + 11, -5*y - 2*l = 33. What are the prime factors of 8*(-10)/4*y?
2, 5, 7
Let u(c) = -2*c**2 - 33 + 69*c + c**2 + 43 - 67. List the prime factors of u(45).
3, 11, 31
Let u = 273 - 268. Suppose 4*i + 384 - 1172 = 2*q, -u*i - 2*q + 1003 = 0. List the prime factors of i.
199
Let h(t) be the second derivative of 31*t**4/12 - t**3/2 - 5*t**2 + 98*t. Let k be (-84)/39 - (-6)/39. What are the prime factors of h(k)?
2, 3, 5
Let l(x) = -75*x**2 - 290*x - 9. Let i be l(-4). Suppose 750 - 100 = -5*u. Let b = i - u. List the prime factors of b.
3
Suppose -33*a = 45*a + 34*a - 494816. What are the prime factors of a?
2, 47
Suppose -4*s + 18 = q, 2*s - 20 = -s - 4*q. Suppose s*m + 9*v - 11*v = 2450, 5*m - 3*v = 3065. List the prime factors of m.
2, 5, 61
Let o = 2789 - 1297. Suppose 22*k = o + 12280. What are the prime factors of k?
2, 313
Let y be 195/12 - (-2)/(-8). Let i(r) be the third derivative of r**5/60 - 3*r**4/8 + 7*r**3/2 + 57*r**2. What are the prime factors of i(y)?
7, 19
Let v be -1*((-10)/3)/((-20)/30). What are the prime factors of 146 + 3 + v/((-20)/(-12))?
2, 73
Suppose -5*l = -n - 104, 4*n = -0*n - 16. Let g = 436 + l. What are the prime factors of g?
2, 3, 19
Suppose -58*m = -1973553 - 647061. List the prime factors of m.
3, 15061
Suppose 0 = r - 5*o + 23, -4*o - 17 = 4*r - 9*o. Let c be (r/((-24)/20))/(2/(-6)). Suppose -4*v + 159 = c*x - 91, 0 = -5*v - 25. List the prime factors of x.
2, 3
Let k = 50 + -159. Let a = 124 + k. Suppose -4*t = -a - 497. List the prime factors of t.
2
List the prime factors of ((-4)/(-10))/(1044/10291230).
3943
Let y(p) = -p**3 - 12*p**2 - 20*p + 4. Let x be y(-10). Let c be (-5)/((-16)/x + 3). Let m(j) = 3*j**2 - 4*j + 8. What are the prime factors of m(c)?
3, 7
Let j = -437 - -692. Suppose -251*v - 536 = -j*v. List the prime factors of v.
2, 67
Suppose -3*b = -40 + 19, -4*w + 141219 = 5*b. What are the prime factors of w?
2, 1103
Let o be 2 + (2 - (2 + 0)). Suppose -o*t + 4 = 0, 26 = 2*f - t + 6*t. Let h(i) = i**3 - 6*i**2 - 2*i + 10. What are the prime factors of h(f)?
2, 61
Let j be 12/18 - 4/(24/(-650)). Suppose 5*i - j = 3*i + s, 5*i + 4*s = 279. List the prime factors of i.
5, 11
Let i(z) = -266*z + 35036. What are the prime factors of i(0)?
2, 19, 461
Let k = -6658 - -10884. List the prime factors of k.
2, 2113
Let v be (-2)/(-5) - 0 - 1064/(-140). Suppose -2901 = -v*o + 2003. List the prime factors of o.
613
Suppose 8*r - 12829 - 24139 = 0. List the prime factors of r.
4621
Suppose 5*n = -990 - 495. Let h = n + 809. Suppose 4*r - h = -4*d, 3*d - 184 = 4*r - 717. What are the prime factors of r?
131
Let t = 425 - 282. Suppose 0 = -p - 5*n + 153, -t = -p + 2*n + 3*n. Suppose -p = -8*v + 4*v. What are the prime factors of v?
37
Let x(o) = 199*o**2 + 52*o - 325. List the prime factors of x(11).
2, 12163
Let v = -10761 - -11945. List the prime factors of v.
2, 37
Suppose 4*g + 5*x - 244 = 3*g, 0 = -3*g + x + 748. Suppose 0 = 3*p - 1092 + g. Suppose -14*i - 57 = -p. List the prime factors of i.
2
Let g(u) = -29*u**3 + 5*u**2 - 4*u + 32. What are the prime factors of g(-5)?
2, 1901
Let t(r) = -167*r - 1164. Let v be t(-7). Suppose 4*s - 24 + 4 = 0. Suppose -n + 13 = -0*n + s*q, 185 = 5*n - v*q. What are the prime factors of n?
3, 11
Suppose 0 = r - 1, -4*p + r + 5708 = -14051. List the prime factors of p.
2, 5, 13, 19
Let j(p) = p**2 - 13*p + 12. Let x be 0 + (-10)/5 - -19. What are the prime factors of j(x)?
2, 5
Suppose 5*b + 4*m = 29146 + 10863, 8003 = b + 2*m. List the prime factors of b.
3, 7, 127
Let f(j) = -1. Let k(t) = -137*t + 12. Let p(v) = -2*f(v) - k(v). What are the prime factors of p(2)?
2, 3, 11
Let g(n) = -3319*n - 2871. What are the prime factors of g(-9)?
2, 3, 5
Let z(x) = -x**3 - 35*x**2 - 143*x + 84. Let d be z(-30). Let k(c) = -5*c**2 - c - 3. Let h be k(-8). Let j = d - h. List the prime factors of j.
3, 7
Let c = 48913 + -14341. List the prime factors of c.
2, 3, 43, 67
Suppose -2*g - 2*p + 2 = 0, -3*g = -0*p + 2*p - 5. Let t be g/(-9) + 3151/3. Suppose -b - 5*b + t = 0. What are the prime factors of b?
5, 7
Suppose -32*h + 2*f = -37*h + 25863, -4*f - 10350 = -2*h. Suppose 31*y - 500 - h = 0. List the prime factors of y.
3, 61
Let w = 91 + -226. Let p be (-2)/(4/(-3))*(-14220)/w. Suppose -p - 47 = -o. What are the prime factors of o?
5, 41
Let l(d) = 1386*d + 2637. List the prime factors of l(4).
3, 101
Let q(h) = 17*h**3 + 3*h**2 + 52*h - 29. What are the prime factors of q(11)?
101, 233
Suppose -7*l + 79769 = -292099 + 31633. What are the prime factors of l?
5, 9721
Suppose -26683 = -26*m + 75783. Suppose 4*n = -3*y + m, 0 = -y + 3*n - 8*n + 1332. What are the prime factors of y?
1307
Let v = 12691 + 69074. What are the prime factors of v?
3, 5, 23, 79
Let t(w) = -9*w**2 + 19*w - 6. Let p be t(10). Let g = -153 - p. List the prime factors of g.
563
Let s(j) = 476*j - 1341. What are the prime factors of s(21)?
3, 5, 577
Let w = -5532 - -11090. What are the prime factors of w?
2, 7, 397
Let j(g) = 11*g - 7 + 3 + 1 - 12. Let b(m) = -m**2 + 2*m + 6. Let k be b(0). What are the prime factors of j(k)?
3, 17
Let k = 200 + -197. Suppose 0 = 4*d - 2*v + k*v - 896, 5*v + 448 = 2*d. List the prime factors of d.
2, 7
Let g(f) = -147*f - 12. Let s be g(2). Let z = s - -521. What are the prime factors of z?
5, 43
Suppose -5*p - 2*u - 4170 = 3*u, -3*u + 4130 = -5*p. Let t = p - -1526. List the prime factors of t.
17, 41
Suppose -16 = -9*w + 5*w, 63745 = 3*m + w. List the prime factors of m.
21247
Suppose 2*y - 3*s + 12 - 1 = 0, 3*s - 23 = -4*y. Suppose y*k - b = 809, -3*k + 3*b + 492 = -726. What are the prime factors of k?
13, 31
Let c = 46 + -39. Suppose -c*x = -4*x + 12. List the prime factors of (1359/36)/((-1)/x).
151
Suppose -6*b + 2*b + 2292 = 0. Let c = 1031 - b. List the prime factors of c/(-2 - (-1 - 3)).
229
Suppose -1069 = 31*k - 1007. Let g = -2592 - 3321. List the prime factors of g/(-18)*k/(-3).
3, 73
Let v be -2 + (-2)/2*13. Suppose -2124 = 13*a - 2150. List the prime factors of a + 0 - (-77 - v).
2
List the prime factors of 60/(-390) - (3527964/39)/(-4).
5, 4523
List the prime factors of ((-9)/(-2) + 500900/200)*(1 + 18).
13, 19, 193
Suppose 4*b - 28 = 3*z, z - 7 = -4*b + 5. Suppose 1915 = m + b*y, 0 = m - 0*m - 2*y - 1909. What are the prime factors of m?
3, 7, 13
Suppose 72*d - 73*d - 320 = -g, 0 = -3*d - 4*g - 960. List the prime factors of (-3210)/1*(13 - d/(-24)).
2, 5, 107
List the prime factors of ((-66)/(-88))/((-54)/(-3872088)).
11, 4889
Let y be (-64)/12*3 + 12/4. Let q(c) = -28*c - 64. List the prime factors of q(y).
2, 3, 5
Let u(j) = -j**3 - 77*j**2 - 137*j + 26. List the prime factors of u(-76).
2, 3, 7, 37
Let c = 40045 - 20875. What are the prime factors of c?
2, 3, 5, 71
Let g be (-105)/24 + 4 - 37425/(-24). Suppose g = 3*o - 883. What are the prime factors of o?
2, 11, 37
Suppose -q + 183 = 5*s - 705, -q - 174 = -s. What are the prime factors of ((s - -3)/6 - 1)*9?
3, 29
Let z be -26 - -28 - 2*(1 + 0). Suppose -14*s = -z*s - 11760. List the prime factors of s.
2, 3, 5, 7
Let p(z) = 280*z**2 + 3*z - 8. Let f be p(2). Suppose -5*s + 82 = o - 497, f = 2*o + 2*s. List the prime factors of o.
2, 277
Let g(c) = -55*c + 121. Suppose 9*r = -54 - 99. List the prime factors of g(r).
2, 3, 